{"id":80,"date":"2024-03-08T06:52:27","date_gmt":"2024-03-08T06:52:27","guid":{"rendered":"https:\/\/www.eskisehirapartlar.net\/?page_id=80"},"modified":"2024-03-11T00:57:36","modified_gmt":"2024-03-11T07:57:36","slug":"eskisehir-ogrenci-rehberi","status":"publish","type":"page","link":"http:\/\/www.eskisehirapartlar.net\/","title":{"rendered":"Eski\u015fehir \u00d6\u011frenci Rehberi"},"content":{"rendered":"\n<p><\/p>\n\n\n\n<p class=\"has-large-font-size\"><strong>Teknik \u00dcniversitesi<\/strong><\/p>\n\n\n\n<figure class=\"wp-block-image\"><img loading=\"lazy\" decoding=\"async\" width=\"1109\" height=\"731\" src=\"http:\/\/www.eskisehirapartlar.net\/wp-content\/uploads\/2024\/03\/Screenshot-2024-03-08-150325.png\" alt=\"\" class=\"wp-image-84\" srcset=\"http:\/\/www.eskisehirapartlar.net\/wp-content\/uploads\/2024\/03\/Screenshot-2024-03-08-150325.png 1109w, http:\/\/www.eskisehirapartlar.net\/wp-content\/uploads\/2024\/03\/Screenshot-2024-03-08-150325-300x198.png 300w, http:\/\/www.eskisehirapartlar.net\/wp-content\/uploads\/2024\/03\/Screenshot-2024-03-08-150325-1024x675.png 1024w, http:\/\/www.eskisehirapartlar.net\/wp-content\/uploads\/2024\/03\/Screenshot-2024-03-08-150325-768x506.png 768w\" sizes=\"auto, (max-width: 1109px) 100vw, 1109px\" \/><\/figure>\n\n\n\n<p>18 May\u0131s 2018 tarihli ve 30425 say\u0131l\u0131 Resm\u00ee Gazete\u2019de yay\u0131mlanan 7141 say\u0131l\u0131 Kanunla kurulan Eski\u015fehir Teknik \u00dcniversitesi, bilim, k\u00fclt\u00fcr ayn\u0131 zamanda da bir gen\u00e7lik kenti olarak nitelenen Eski\u015fehir\u2019in merkezinde yer alan 2 kamp\u00fcs\u00fcnde 5 Fak\u00fclte (Lisans D\u00fczeyi), 2 Meslek Y\u00fcksekokulu (\u00d6nlisans D\u00fczeyi), 3 &nbsp;Enstit\u00fcye (1\u2019i Lisans\u00fcst\u00fc ve Doktora D\u00fczeyi) ev sahipli\u011fi yapmaktad\u0131r.<\/p>\n\n\n\n<h2 class=\"wp-block-heading\">Neden Eski\u015fehir Teknik \u00dcniversitesi<\/h2>\n\n\n\n<p><strong>\u00d6\u011frenci odakl\u0131, \u00e7a\u011fda\u015f e\u011fitim<\/strong><\/p>\n\n\n\n<p>Eski\u015fehir Teknik \u00dcniversitesinde, her t\u00fcrl\u00fc altyap\u0131s\u0131 tamamlanm\u0131\u015f, \u00e7a\u011fda\u015f teknolojik olanaklara sahip, \u00f6\u011frenci odakl\u0131 e\u011fitim verilmekte; \u00f6\u011frenciler, uluslararas\u0131 \u00f6l\u00e7\u00fctlerde kat\u0131l\u0131mc\u0131 bir anlay\u0131\u015fla sosyal ve k\u00fclt\u00fcrel etkinliklerin i\u00e7inde yer alarak kendilerini ifade etme olana\u011f\u0131 bulmaktad\u0131rlar. Eski\u015fehir Teknik \u00dcniversitesinde ulusal ve uluslararas\u0131 alanda deneyimli ve birikimli, 685 \u00f6\u011fretim eleman\u0131 g\u00f6rev yapmaktad\u0131r. \u00d6\u011fretim elemanlar\u0131, birikim ve deneyimlerini \u00f6\u011frencilere aktarmak i\u00e7in \u00f6zveriyle \u00e7al\u0131\u015fmaktad\u0131r.<\/p>\n\n\n\n<p><strong>Donan\u0131ml\u0131 altyap\u0131<\/strong><\/p>\n\n\n\n<p>Eski\u015fehir Teknik \u00dcniversitesinin t\u00fcm birimleri, \u00e7a\u011fda\u015f y\u00fcksek\u00f6\u011fretimin gerektirdi\u011fi teknik donan\u0131ma sahip olma \u00e7abas\u0131ndad\u0131r. Birimlerdeki laboratuvarlar ve at\u00f6lyeler en geli\u015fmi\u015f cihazlarla donat\u0131lm\u0131\u015f; e\u011fitimde, uygulama i\u00e7in gerekli olan her t\u00fcrl\u00fc ara\u00e7 ve malzemeler sa\u011flanm\u0131\u015ft\u0131r. Eski\u015fehir Teknik \u00dcniversitesi, T\u00fcrkiye\u2019nin d\u00fcnya ile b\u00fct\u00fcnle\u015fmesinde gelece\u011fin y\u00f6neticilerini yeti\u015ftirmede yabanc\u0131 dil bilgisinin \u00f6nemi a\u00e7\u0131s\u0131ndan birimlerinin baz\u0131lar\u0131nda \u0130ngilizce haz\u0131rl\u0131k e\u011fitimi verilmektedir. \u00d6\u011frencileri yar\u0131nlara haz\u0131rlarken onlar\u0131 \u00e7a\u011fda\u015f bilgilerle donanm\u0131\u015f, d\u00fcnyay\u0131 tan\u0131yan, en az bir yabanc\u0131 dil bilen bireyler olarak yeti\u015ftirmek hedeflenmektedir.<\/p>\n\n\n\n<hr class=\"wp-block-separator has-alpha-channel-opacity\"\/>\n\n\n\n<p class=\"has-large-font-size\">Anadolu \u00dcniversitesi<\/p>\n\n\n\n<figure class=\"wp-block-image\"><img loading=\"lazy\" decoding=\"async\" width=\"588\" height=\"433\" src=\"http:\/\/www.eskisehirapartlar.net\/wp-content\/uploads\/2024\/03\/Screenshot-2024-03-11-155624.png\" alt=\"\" class=\"wp-image-131\" srcset=\"http:\/\/www.eskisehirapartlar.net\/wp-content\/uploads\/2024\/03\/Screenshot-2024-03-11-155624.png 588w, http:\/\/www.eskisehirapartlar.net\/wp-content\/uploads\/2024\/03\/Screenshot-2024-03-11-155624-300x221.png 300w\" sizes=\"auto, (max-width: 588px) 100vw, 588px\" \/><\/figure>\n\n\n\n<p>Anadolu \u00dcniversitesinde, her t\u00fcrl\u00fc altyap\u0131s\u0131 tamamlanm\u0131\u015f, \u00e7a\u011fda\u015f teknolojik olanaklara sahip, demokratik bir ortamda \u00f6\u011frenci \u00f6ncelikli e\u011fitim verilmekte; \u00f6\u011frenciler, uluslararas\u0131 \u00f6l\u00e7\u00fctlerde kat\u0131l\u0131mc\u0131 bir anlay\u0131\u015fla sosyal ve k\u00fclt\u00fcrel etkinliklerin i\u00e7inde yer almakta; kendilerini ifade etme olana\u011f\u0131 bulmaktad\u0131rlar.<br>Deneyimli ve birikimli \u00f6\u011fretim eleman\u0131<br>Anadolu \u00dcniversitesinde, ulusal ve uluslararas\u0131 alanda deneyimli ve birikimli 1.600\u2019\u00fc a\u015fk\u0131n \u00f6\u011fretim eleman\u0131 ile kendi alanlar\u0131nda \u00fclkemizin \u00f6nde gelen bilim ve sanat insanlar\u0131 da ilgili birimlerde konuk \u00f6\u011fretim eleman\u0131 olarak g\u00f6rev yapmaktad\u0131r. T\u00fcm \u00f6\u011fretim elemanlar\u0131, birikim ve deneyimlerini \u00f6\u011frencilere aktarmak i\u00e7in hi\u00e7 bir \u00f6zveriden ka\u00e7\u0131nmamaktad\u0131rlar.<\/p>\n\n\n\n<p><strong>Donan\u0131ml\u0131 alt yap\u0131<br><\/strong>Anadolu \u00dcniversitesinin t\u00fcm birimleri, \u00e7a\u011fda\u015f y\u00fcksek\u00f6\u011fretimin gerektirdi\u011fi teknik donan\u0131ma sahiptir. Birimlerdeki t\u00fcm laboratuvar, at\u00f6lye ve st\u00fcdyolar en geli\u015fmi\u015f cihazlarla donat\u0131lm\u0131\u015f, e\u011fitimde; uygulama i\u00e7in gerekli olan her t\u00fcrl\u00fc ara\u00e7 ve malzemeler sa\u011flanm\u0131\u015ft\u0131r. K\u00fct\u00fcphane koleksiyonlar\u0131na yeni yay\u0131nlar\u0131n kazand\u0131r\u0131lmas\u0131na \u00f6zel bir \u00f6nem verilmektedir.<\/p>\n\n\n\n<p><strong>\u0130ngilizce haz\u0131rl\u0131k<br><\/strong>Anadolu \u00dcniversitesi, T\u00fcrkiye\u2019nin d\u00fcnya ile entegrasyonunda gelece\u011fin y\u00f6neticilerini yeti\u015ftirmede yabanc\u0131 dil bilgisinin \u00f6nemi a\u00e7\u0131s\u0131ndan birimlerinin tamam\u0131na yak\u0131n\u0131nda \u0130ngilizce haz\u0131rl\u0131k e\u011fitimi vermekte, \u00f6\u011frencileri yar\u0131nlara haz\u0131rlarken onlar\u0131 \u00e7a\u011fda\u015f bilgilerle donanm\u0131\u015f, d\u00fcnyay\u0131 tan\u0131yan, en az bir yabanc\u0131 dil bilen bireyler olarak yeti\u015ftirmektedir.<\/p>\n\n\n\n<p><strong>Nitelikli \u00f6\u011frenci profili<br><\/strong>Anadolu \u00dcniversitesinin \u00f6rg\u00fcn b\u00f6l\u00fcmlerine her y\u0131l be\u015f bini a\u015fk\u0131n yeni \u00f6\u011frenci kay\u0131t olmaktad\u0131r. Bunlar\u0131n yar\u0131dan \u00e7o\u011funu; Ankara, \u0130stanbul, Eski\u015fehir, \u0130zmir, Bursa ve Antalya gibi b\u00fcy\u00fck \u015fehirlerdeki liselerden mezun olanlar olu\u015fturmaktad\u0131r.<\/p>\n\n\n\n<p>\u00d6\u011frencilerin mezun olduklar\u0131 liseler de hem bulunduklar\u0131 kentin hem de yurdumuzun \u00f6nde gelen e\u011fitim kurumlar\u0131d\u0131r. \u00d6\u011frencilerin \u00e7o\u011funlu\u011funu, Anadolu Lisesi, Fen Lisesi, Yabanc\u0131 Dil A\u011f\u0131rl\u0131kl\u0131 Lise gibi \u00fcst d\u00fczeyde e\u011fitim veren orta\u00f6\u011fretim kurumlar\u0131 mezunlar\u0131 olu\u015fturmaktad\u0131r.<\/p>\n\n\n\n<hr class=\"wp-block-separator has-alpha-channel-opacity\"\/>\n\n\n\n<p class=\"has-large-font-size\"><strong>Osmangazi \u00dcniversitesi<\/strong><\/p>\n\n\n\n<figure class=\"wp-block-image is-resized\"><img loading=\"lazy\" decoding=\"async\" width=\"350\" height=\"233\" src=\"http:\/\/www.eskisehirapartlar.net\/wp-content\/uploads\/2024\/03\/OSMANGANZI.jpg\" alt=\"\" class=\"wp-image-23\" style=\"width:670px;height:auto\" srcset=\"http:\/\/www.eskisehirapartlar.net\/wp-content\/uploads\/2024\/03\/OSMANGANZI.jpg 350w, http:\/\/www.eskisehirapartlar.net\/wp-content\/uploads\/2024\/03\/OSMANGANZI-300x200.jpg 300w\" sizes=\"auto, (max-width: 350px) 100vw, 350px\" \/><\/figure>\n\n\n\n<p>18 A\u011fustos 1993 tarihinde 496 say\u0131l\u0131 Kanun H\u00fckm\u00fcnde Kararname ile Osmangazi \u00dcniversitesi ad\u0131 alt\u0131nda yeni bir kurulu\u015f olarak faaliyete ge\u00e7mi\u015ftir. Bu yeni olu\u015fumda b\u00fcnyesine T\u0131p, M\u00fchendislik &#8211; Mimarl\u0131k ve Fen Edebiyat Fak\u00fcltesini alm\u0131\u015ft\u0131r. Bu fak\u00fcltelerin yakla\u015f\u0131k 32 y\u0131ll\u0131k ge\u00e7mi\u015fleri vard\u0131r.Ayr\u0131ca; kurulu\u015f kanunu ile birlikte \u00dcniversitemize iki y\u00fcksekokul ve \u00fc\u00e7 enstit\u00fc devredilmi\u015f, \u0130ktisadi ve \u0130dari Bilimler Fak\u00fcltesi&#8217;nin a\u00e7\u0131lmas\u0131 \u00f6ng\u00f6r\u00fclm\u00fc\u015ft\u00fcr.<\/p>\n\n\n\n<p>Kurulu\u015ftan sonra ise Ziraat Fak\u00fcltesi, \u0130lahiyat Fak\u00fcltesi, E\u011fitim Fak\u00fcltesi ,Sosyal Bilimler Enstit\u00fcs\u00fc, Sivrihisar Meslek Y\u00fcksekokulu, Eski\u015fehir Sa\u011fl\u0131k Y\u00fcksekokulu ve Bilecik Sa\u011fl\u0131k Y\u00fcksekokulu eklenmi\u015ftir. \u00dcniversitemizde ayr\u0131ca on tane Ara\u015ft\u0131rma Merkezi faaliyet g\u00f6stermektedir.<\/p>\n\n\n\n<p><strong>\u00dcniversitenin \u00d6\u011frencilerine Sundu\u011fu \u0130mkanlar\u0131<\/strong><\/p>\n\n\n\n<p><strong>\u00d6\u011eRENC\u0130LERE BURS \u0130MKANI<br><\/strong>2005 \u00d6SS sonucunda yerle\u015ftirildi\u011fi b\u00f6l\u00fcm ya da program\u0131n puan t\u00fcr\u00fcnde T\u00fcrkiye genelinde ilk 3000&#8217;e ve dil puan\u0131 ile ilk 1000&#8217;e girerek \u00dcniversitemize kay\u0131t yapt\u0131ran normal \u00f6rg\u00fcn \u00f6\u011fretim lisans program\u0131 \u00f6\u011frencilerine 12 ay s\u00fcreyle 110 YTL\u2019den az olmamak ko\u015fulu ile Y\u00fcksek\u00f6\u011frenim Kredi ve Yurtlar Kurumu\u2019nun belirledi\u011fi miktarda kar\u015f\u0131l\u0131ks\u0131z ba\u015far\u0131 bursu verilecektir. Ayr\u0131ca; maddi durumu k\u0131s\u0131tl\u0131 \u00f6\u011frencilere Y\u00fcksek\u00f6\u011frenim Kredi ve Yurtlar Kurumu\u2019nun belirledi\u011fi kontenjan dahilinde kar\u015f\u0131l\u0131ks\u0131z burs imkan\u0131 sa\u011flanmaktad\u0131r. Burslar takip eden \u00f6\u011fretim y\u0131llar\u0131nda \u00dcniversitenin belirledi\u011fi esaslara g\u00f6re \u00f6denmeye devam etmektedir.<\/p>\n\n\n\n<p><strong>KRED\u0130 ve \u00d6\u011eREN\u0130M \u00dcCRETLER\u0130<br><\/strong>\u00dcniversitede \u00f6\u011frenim g\u00f6ren \u00f6\u011frencilerin devlete olan bir y\u0131ll\u0131k maliyetleri her y\u0131l Bakanlar Kurulu&#8217;nca belirlenmektedir. Belirlenen bu maliyetin b\u00fcy\u00fck bir k\u0131sm\u0131n\u0131 devlet kar\u015f\u0131larken, geri kalan miktar \u00f6\u011frenci taraf\u0131ndan \u00d6\u011frenci Katk\u0131 Pay\u0131 ad\u0131 alt\u0131nda iki taksitte \u00f6denir.<\/p>\n\n\n\n<p>\u00d6\u011frenci isterse, Kredi ve Yurtlar Kurumu&#8217;na ba\u015fvurarak \u00f6deyece\u011fi katk\u0131 pay\u0131n\u0131 an\u0131lan kurumdan har\u00e7 kredisi olarak alabilmektedir. Ayr\u0131ca, \u00f6\u011frenim kredisi almak i\u00e7in de Kredi ve Yurtlar Kurumu&#8217;na ba\u015fvurabilirler.<\/p>\n\n\n\n<p>\u0130kinci \u00d6\u011fretime devam eden \u00f6\u011frencilerin \u00f6\u011frenim \u00fccretleri her y\u0131l Bakanlar Kurulu taraf\u0131ndan belirlenmektedir Y\u0131ll\u0131k \u00f6\u011frenim \u00fccretinin yar\u0131s\u0131 birinci d\u00f6nem ba\u015f\u0131nda, di\u011fer yar\u0131s\u0131 ise ikinci d\u00f6nem ba\u015f\u0131nda tahsil edilmektedir.<\/p>\n\n\n\n<p><strong>K\u00dcT\u00dcPHANE VE LABORATUVAR OLANAKLARI<br><\/strong>\u00dcniversitemiz k\u00fct\u00fcphanesinde okuma salonlar\u0131ndan ayn\u0131 anda 1000 okuyucu yararlanabilmektedir. Okuma salonlar\u0131 d\u0131\u015f\u0131nda ara\u015ft\u0131rmac\u0131lar\u0131n kullan\u0131m\u0131 i\u00e7in \u00f6zel \u00e7al\u0131\u015fma odalar\u0131 bulunmaktad\u0131r. K\u00fct\u00fcphanemiz \u00e7ok say\u0131da kitap, s\u00fcreli yay\u0131n ve veri taban\u0131 yan\u0131nda kablosuz network sistemi ile internet olana\u011f\u0131na sahiptir.<\/p>\n\n\n\n<p>T\u00fcm birimlerimizde, \u00f6\u011frencilerimizin kullan\u0131m\u0131na a\u00e7\u0131k internet a\u011f\u0131na ba\u011fl\u0131 bilgisayarlarla istenilen bilgiye ula\u015f\u0131labilmektedir.<\/p>\n\n\n\n<p>Modern teknolojik cihazlarla donat\u0131lm\u0131\u015f laboratuvar ve at\u00f6lyelerde \u00f6\u011frencilerimizin ald\u0131klar\u0131 e\u011fitim ile ilgili olarak uygulama yap\u0131lmaktad\u0131r.<\/p>\n\n\n\n<p><strong>YAZ OKULU<br><\/strong>Yaz Okulu ile, a\u00e7\u0131lmas\u0131 halinde, g\u00fcz ve bahar yar\u0131y\u0131llar\u0131nda al\u0131namayan dersleri alabilme, not y\u00fckseltmek amac\u0131yla ders alabilme, ba\u015far\u0131l\u0131 \u00f6\u011frenciye bir \u00fcst s\u0131n\u0131ftan ders alabilme olana\u011f\u0131 vard\u0131r.<\/p>\n\n\n\n<p><strong>YABANCI D\u0130LLER B\u00d6L\u00dcM\u00dc<br><\/strong>\u00dcniversitemizde \u00e7ok geli\u015fmi\u015f olanaklara sahip Yabanc\u0131 Diller B\u00f6l\u00fcm\u00fc mevcuttur. Elektrik Elektronik, Bilgisayar M\u00fchendisli\u011fi ve Kar\u015f\u0131la\u015ft\u0131rmal\u0131 Edebiyat B\u00f6l\u00fcmlerinde zorunlu, di\u011fer lisans programlar\u0131nda ve Sa\u011fl\u0131k Hizmetleri Meslek Y\u00fcksekokulu\u2019nda kontenjan dahilinde iste\u011fe ba\u011fl\u0131 bir y\u0131l haz\u0131rl\u0131k s\u0131n\u0131f\u0131 okuma olana\u011f\u0131 vard\u0131r.Amac\u0131m\u0131z Osmangazi \u00dcniversitesi&#8217;ne yeni kay\u0131t olan \u00f6\u011frencilerimizin t\u00fcm\u00fcn\u00fcn haz\u0131rl\u0131k s\u0131n\u0131f\u0131 okumalar\u0131n\u0131 sa\u011flamakt\u0131r.<\/p>\n\n\n\n<p><strong>AKADEM\u0130K DANI\u015eMANLIK<br><\/strong>Osmangazi \u00dcniversitesi&#8217;nde kay\u0131tl\u0131 olan her \u00f6\u011frenciye bir akademik dan\u0131\u015fman atan\u0131r. Akademik dan\u0131\u015fman \u00f6\u011frencinin kar\u015f\u0131la\u015faca\u011f\u0131 sorunlar\u0131n \u00e7\u00f6z\u00fcm\u00fcnde yard\u0131mc\u0131 olur.<\/p>\n\n\n\n<p><strong>YURTLAR<br><\/strong>\u00dcniversitemiz Me\u015felik Yerle\u015fkesi\u2019ne biti\u015fik Kredi ve Yurtlar Kurumuna ba\u011fl\u0131 3000 yatakl\u0131 Dumlup\u0131nar \u00d6\u011frenci Yurdu bulunmaktad\u0131r. Ayn\u0131 kuruma ba\u011fl\u0131 Yunusemre \u00d6\u011frenci Yurdu ve Cumhuriyet K\u0131z \u00d6\u011frenci Yurdu da \u015fehrimizin de\u011fi\u015fik semtlerinde \u00f6\u011frencilerin bar\u0131nma ihtiya\u00e7lar\u0131n\u0131 kar\u015f\u0131lamak \u00fczere hizmet vermektedir. Kuruma ba\u011fl\u0131 yurtlarda odalar birden fazla \u00f6\u011frencinin kalabilece\u011fi standarttad\u0131r. \u015eehrimizde bulunan \u00f6zel yurtlar ve apart daireler de \u00f6\u011frencilerin bar\u0131nma gereksinimlerine cevap verebilecek niteliktedir.<\/p>\n\n\n\n<p><strong>KRED\u0130 YURTLAR KURUMU \u00d6\u011eRENC\u0130 YURTLARI<br><\/strong>1. Dumlup\u0131nar Yurt M\u00fcd\u00fcrl\u00fc\u011f\u00fc, Me\u015felik Kamp\u00fcs\u00fc Yan\u0131, Tel: 239 37 75 &#8211; 239 37 76<br>2. Cumhuriyet K\u0131z \u00d6\u011frenci Yurdu, Sakarya Cad. Tel: 230 18 96 &#8211; 230 18 62<br>3. Yunusemre Yurt M\u00fcd\u00fcrl\u00fc\u011f\u00fc, Anadolu \u00dcniversitesi Yunusemre Kamp\u00fcs\u00fc Yan\u0131, Tel: 335 33 00 &#8211; 335 28 28<\/p>\n\n\n\n<p><strong>SA\u011eLIK H\u0130ZMETLER\u0130<br><\/strong>Osmangazi \u00dcniversitesi b\u00fcnyesinde bulunan Mediko- Sosyal Merkezi, \u00f6\u011frencilerin sa\u011fl\u0131k sorunlar\u0131 ile ilgilenmektedir. Bu merkezde poliklinik d\u00fczeyinde verilen ilk hizmetten sonra ileri tetkiklerin gerekmesi halinde \u00f6\u011frenciler \u00dcniversite Hastanesi&#8217;ne sevk edilmektedir. Osmangazi Hastanesi, 1000 yatak kapasitesi ve poliklinikleri ile ba\u015fvuranlar\u0131n t\u00fcm sa\u011fl\u0131k sorunlar\u0131na \u00e7a\u011fda\u015f yakla\u015f\u0131mlarla \u00e7\u00f6z\u00fcm bulacak olanaklara sahiptir. Mediko Sosyal Merkezi b\u00fcnyesindeki Psikolojik Dan\u0131\u015fmanl\u0131k Biriminde ba\u015fvuruda bulunan her \u00f6\u011frenciye \u00f6zel sorunlar\u0131n\u0131n ve uyum problemlerinin \u00e7\u00f6z\u00fcm\u00fcnde yard\u0131mc\u0131 olunmaktad\u0131r. Ayn\u0131 Merkezde bulunan Gen\u00e7lik Dan\u0131\u015fma Birimi ise, \u00fcreme sa\u011fl\u0131\u011f\u0131 ve cinsellik konular\u0131nda hizmet vermektedir.<\/p>\n\n\n\n<p><strong>KAFETERYALAR<br><\/strong>\u00dcniversitemizin \u00f6zel firmalara ihale olunmu\u015f, her fak\u00fclte binas\u0131nda \u00f6zel kantinleri vard\u0131r. Bunun yan\u0131s\u0131ra \u00dcniversitemizin Me\u015felik Kamp\u00fcs\u00fcnde bir dinlenme tesisi, Hastanenin i\u00e7inde bir pastane ve fastfood vard\u0131r.<\/p>\n\n\n\n<p><strong>\u0130NTERNET CAFE<\/strong><br>M\u00fchendislik &#8211; Mimarl\u0131k Fak\u00fcltesi Dekanl\u0131k binas\u0131nda bulunan \u0130nternet Cafe 100 Bilgisayarla \u00f6\u011frencilere hizmet vermektedir. Bilgisayar kullan\u0131m\u0131n\u0131n \u00fccretsiz oldu\u011fu Cafenin kurulmas\u0131ndaki ama\u00e7 \u00d6\u011frencilerin e\u011fitimleri ve dersleri hakk\u0131nda internetten faydalanabilmesidir. Ayr\u0131ca \u00dcniversitemizin t\u00fcm Fak\u00fclte ve Yuksekokullar\u0131nda internet a\u011f\u0131na ba\u011fl\u0131 Bilgisayar Laboratuvarlar\u0131 mevcuttur.<\/p>\n\n\n\n<p><strong>PTT &#8211; BANKA H\u0130ZMETLER\u0130<br><\/strong>\u00dcniversitemizde Me\u015felik Kamp\u00fcs\u00fc Hastane i\u00e7inde t\u00fcm PTT hizmetlerini veren bir \u015fube mevcuttur.<br><br>Pek \u00e7ok bankan\u0131n ATM&#8217; si ve T\u00fcrkiye \u0130\u015f Bankas\u0131n\u0131n bir \u015fubesi Me\u015felik Kamp\u00fcs\u00fc i\u00e7inde hizmet vermektedir.<\/p>\n\n\n\n<hr class=\"wp-block-separator has-alpha-channel-opacity\"\/>\n","protected":false},"excerpt":{"rendered":"<p>Teknik \u00dcniversitesi 18 May\u0131s 2018 tarihli ve 30425 say\u0131l\u0131 Resm\u00ee Gazete\u2019de yay\u0131mlanan 7141 say\u0131l\u0131 Kanunla kurulan Eski\u015fehir Teknik \u00dcniversitesi, bilim, k\u00fclt\u00fcr ayn\u0131 zamanda da bir gen\u00e7lik kenti olarak nitelenen Eski\u015fehir\u2019in merkezinde yer alan 2 kamp\u00fcs\u00fcnde 5 Fak\u00fclte (Lisans D\u00fczeyi), 2 &hellip; <a href=\"http:\/\/www.eskisehirapartlar.net\/\">Continue reading <span class=\"meta-nav\">&rarr;<\/span><\/a><\/p>\n","protected":false},"author":1,"featured_media":0,"parent":0,"menu_order":0,"comment_status":"closed","ping_status":"closed","template":"","meta":{"footnotes":""},"class_list":["post-80","page","type-page","status-publish","hentry"],"_links":{"self":[{"href":"http:\/\/www.eskisehirapartlar.net\/index.php?rest_route=\/wp\/v2\/pages\/80","targetHints":{"allow":["GET"]}}],"collection":[{"href":"http:\/\/www.eskisehirapartlar.net\/index.php?rest_route=\/wp\/v2\/pages"}],"about":[{"href":"http:\/\/www.eskisehirapartlar.net\/index.php?rest_route=\/wp\/v2\/types\/page"}],"author":[{"embeddable":true,"href":"http:\/\/www.eskisehirapartlar.net\/index.php?rest_route=\/wp\/v2\/users\/1"}],"replies":[{"embeddable":true,"href":"http:\/\/www.eskisehirapartlar.net\/index.php?rest_route=%2Fwp%2Fv2%2Fcomments&post=80"}],"version-history":[{"count":5,"href":"http:\/\/www.eskisehirapartlar.net\/index.php?rest_route=\/wp\/v2\/pages\/80\/revisions"}],"predecessor-version":[{"id":132,"href":"http:\/\/www.eskisehirapartlar.net\/index.php?rest_route=\/wp\/v2\/pages\/80\/revisions\/132"}],"wp:attachment":[{"href":"http:\/\/www.eskisehirapartlar.net\/index.php?rest_route=%2Fwp%2Fv2%2Fmedia&parent=80"}],"curies":[{"name":"wp","href":"https:\/\/api.w.org\/{rel}","templated":true}]}}