{"id":33,"date":"2024-03-08T05:38:41","date_gmt":"2024-03-08T05:38:41","guid":{"rendered":"https:\/\/www.eskisehirapartlar.net\/?page_id=33"},"modified":"2024-03-08T07:24:49","modified_gmt":"2024-03-08T07:24:49","slug":"chill-kiz-rezidans-apart","status":"publish","type":"page","link":"https:\/\/www.eskisehirapartlar.net\/?page_id=33","title":{"rendered":"K\u0131z \u00d6\u011frenci Apartlar\u0131"},"content":{"rendered":"\n<p class=\"has-large-font-size\"><strong>Chill K\u0131z Rezidans Apart<\/strong><\/p>\n\n\n\n<figure class=\"wp-block-image\"><img loading=\"lazy\" decoding=\"async\" width=\"1297\" height=\"734\" src=\"http:\/\/www.eskisehirapartlar.net\/wp-content\/uploads\/2024\/03\/Screenshot-2024-03-08-133655.png\" alt=\"\" class=\"wp-image-34\" srcset=\"https:\/\/www.eskisehirapartlar.net\/wp-content\/uploads\/2024\/03\/Screenshot-2024-03-08-133655.png 1297w, https:\/\/www.eskisehirapartlar.net\/wp-content\/uploads\/2024\/03\/Screenshot-2024-03-08-133655-300x170.png 300w, https:\/\/www.eskisehirapartlar.net\/wp-content\/uploads\/2024\/03\/Screenshot-2024-03-08-133655-1024x580.png 1024w, https:\/\/www.eskisehirapartlar.net\/wp-content\/uploads\/2024\/03\/Screenshot-2024-03-08-133655-768x435.png 768w\" sizes=\"auto, (max-width: 1297px) 100vw, 1297px\" \/><\/figure>\n\n\n\n<h1 class=\"wp-block-heading\">G\u00fcvenli\u011finiz ve rahat\u0131n\u0131z i\u00e7in en do\u011fru se\u00e7im<\/h1>\n\n\n\n<p><strong>Chill K\u0131z Rezidans\u0131<\/strong><br><br>Bayan misafirlerimiz i\u00e7in haz\u0131rlanm\u0131\u015f y\u00fcksek standartlara sahip bir ya\u015fam alan\u0131d\u0131r.<br><br>Misafirlerimize sadece konaklama imkan\u0131 sunmakla kalmayan, be\u015f y\u0131ld\u0131zl\u0131 otel konforunda ve ev s\u0131cakl\u0131\u011f\u0131nda bir ortam sunan, \u00e7ok boyutlu ya\u015fam kompleksidir. Tek fiyat ile her \u015fey dahil ya\u015fam ve hizmet i\u00e7eri\u011fi. Ayl\u0131k aidat ile her t\u00fcrl\u00fc hizmet ve i\u00e7erikten yararlanarak misafirlerimiz sadece derslerine odakl\u0131 bir ya\u015fam s\u00fcreceklerdir.<br><br><strong>Oda Se\u00e7enekleri<\/strong><br><br>1 ve 2 ki\u015filik oda se\u00e7enekleri her daireye ait mutfak- wc\u2019den olu\u015fan ferah, ba\u011f\u0131ms\u0131z ya\u015fam alanlar\u0131Odalarda be\u015f y\u0131ld\u0131zl\u0131 otel kalitesinde modern yatak ve mobilyalarB\u00fcro tipi sandalye ve kilitlenebilir gard\u0131ropLCD televizyonMutfakta; buzdolab\u0131, yemek masas\u0131Banyoda; cam du\u015fa kabin, banyo dolab\u0131 ve 24 saat kesintisiz s\u0131cak suY\u00fcksek izolasyonlu alttan \u0131s\u0131tmal\u0131 \u0131s\u0131nma sistemiY\u00fcksek h\u0131zda kesintisiz kablolu ve kablosuz \u0130nternet ba\u011flant\u0131s\u0131Standartlar\u0131n \u00e7ok \u00fczerinde, \u00fcst\u00fcn \u0131s\u0131 ve ses yal\u0131t\u0131m\u0131<\/p>\n\n\n\n<p><strong>Ortak Alanlar<\/strong><\/p>\n\n\n\n<p>Yemekhane ve \u00fccretsiz a\u00e7\u0131k b\u00fcfe sabah kahvalt\u0131s\u0131 \u2013 ak\u015fam yeme\u011fiFitness Salonu, Masa tenisiCafe Corner (\u00dccretsiz \u00e7ay ve kahve ikram\u0131, \u00c7e\u015fitli Oyunlar)\u00c7ama\u015f\u0131rhane, kurutma makinas\u0131 ve \u00fct\u00fc kullanma imkan\u0131Bavul ve emanet odas\u0131Daire, oda ve kat temizlik hizmetleriYaz Bah\u00e7esi<\/p>\n\n\n\n<figure class=\"wp-block-image\"><img loading=\"lazy\" decoding=\"async\" width=\"600\" height=\"1518\" src=\"http:\/\/www.eskisehirapartlar.net\/wp-content\/uploads\/2024\/03\/chill_apart_002.jpg\" alt=\"\" class=\"wp-image-35\" srcset=\"https:\/\/www.eskisehirapartlar.net\/wp-content\/uploads\/2024\/03\/chill_apart_002.jpg 600w, https:\/\/www.eskisehirapartlar.net\/wp-content\/uploads\/2024\/03\/chill_apart_002-119x300.jpg 119w, https:\/\/www.eskisehirapartlar.net\/wp-content\/uploads\/2024\/03\/chill_apart_002-405x1024.jpg 405w\" sizes=\"auto, (max-width: 600px) 100vw, 600px\" \/><\/figure>\n","protected":false},"excerpt":{"rendered":"<p>Chill K\u0131z Rezidans Apart G\u00fcvenli\u011finiz ve rahat\u0131n\u0131z i\u00e7in en do\u011fru se\u00e7im Chill K\u0131z Rezidans\u0131 Bayan misafirlerimiz i\u00e7in haz\u0131rlanm\u0131\u015f y\u00fcksek standartlara sahip bir ya\u015fam alan\u0131d\u0131r. Misafirlerimize sadece konaklama imkan\u0131 sunmakla kalmayan, be\u015f y\u0131ld\u0131zl\u0131 otel konforunda ve ev s\u0131cakl\u0131\u011f\u0131nda bir ortam sunan, &hellip; <a href=\"https:\/\/www.eskisehirapartlar.net\/?page_id=33\">Continue reading <span class=\"meta-nav\">&rarr;<\/span><\/a><\/p>\n","protected":false},"author":1,"featured_media":0,"parent":27,"menu_order":2,"comment_status":"closed","ping_status":"closed","template":"","meta":{"footnotes":""},"class_list":["post-33","page","type-page","status-publish","hentry"],"_links":{"self":[{"href":"https:\/\/www.eskisehirapartlar.net\/index.php?rest_route=\/wp\/v2\/pages\/33","targetHints":{"allow":["GET"]}}],"collection":[{"href":"https:\/\/www.eskisehirapartlar.net\/index.php?rest_route=\/wp\/v2\/pages"}],"about":[{"href":"https:\/\/www.eskisehirapartlar.net\/index.php?rest_route=\/wp\/v2\/types\/page"}],"author":[{"embeddable":true,"href":"https:\/\/www.eskisehirapartlar.net\/index.php?rest_route=\/wp\/v2\/users\/1"}],"replies":[{"embeddable":true,"href":"https:\/\/www.eskisehirapartlar.net\/index.php?rest_route=%2Fwp%2Fv2%2Fcomments&post=33"}],"version-history":[{"count":3,"href":"https:\/\/www.eskisehirapartlar.net\/index.php?rest_route=\/wp\/v2\/pages\/33\/revisions"}],"predecessor-version":[{"id":95,"href":"https:\/\/www.eskisehirapartlar.net\/index.php?rest_route=\/wp\/v2\/pages\/33\/revisions\/95"}],"up":[{"embeddable":true,"href":"https:\/\/www.eskisehirapartlar.net\/index.php?rest_route=\/wp\/v2\/pages\/27"}],"wp:attachment":[{"href":"https:\/\/www.eskisehirapartlar.net\/index.php?rest_route=%2Fwp%2Fv2%2Fmedia&parent=33"}],"curies":[{"name":"wp","href":"https:\/\/api.w.org\/{rel}","templated":true}]}}